15403 (base 6) to base 4.
-30320202123
Convert -6a5d7 (base 16) to base 10.
-435671
What is -5519 (base 15) in base 12?
-a520
Convert 211122001022 (base 3) to base 16.
6cc0e
What is 101001202120 (base 3) in base 14?
522b0
Convert -5a4a0a3 (base 11) to base 15.
-dd30bc
Convert 2433341040 (base 5) to base 16.
57ebe4
-13445 (base 13) to base 4
-20300231
What is -b28b9 (base 12) in base 11?
-149a38
-22561204 (base 7) to base 14
-398074
What is 1002212222221 (base 3) in base 14?
114577
143ee (base 16) to base 4
110033232
-203232312230 (base 4) to base 3
-122121220001022
Convert -202221112000010 (base 3) to base 6.
-1034324520
What is 53385 (base 15) in base 14?
6c32a
What is -6895 (base 13) in base 16?
-3940
Convert 1829627 (base 12) to base 11.
29295a2
Convert 301333232202 (base 4) to base 9.
26585143
Convert -65891 (base 13) to base 15.
-396eb
3d86d (base 14) to base 4
211100021
231232112 (base 4) to base 6
4003022
-2572664 (base 10) to base 12
-a40988
-199b53 (base 12) to base 2
-1101110100000101111
-52215534 (base 6) to base 3
-2211202212111
What is 2322655 (base 10) in base 8?
10670337
-101110010110100110100100 (base 2) to base 9
-24770277
Convert -100110110000001 (base 2) to base 10.
-19841
What is -7521302 (base 9) in base 8?
-17275764
What is -2142231 (base 9) in base 8?
-4305577
What is -bf3c7 (base 16) in base 6?
-24442223
Convert -7272895 (base 11) to base 16.
-c3c242
Convert -1003133003103 (base 4) to base 5.
-14012101320
Convert 330378 (base 15) to base 7.
26442563
Convert -210021033 (base 4) to base 6.
-3101223
-539815 (base 10) to base 12
-220487
What is 35089 (base 16) in base 9?
360871
What is -7548213 (base 10) in base 5?
-3413020323
-603847 (base 9) to base 5
-42412142
What is -dc420d (base 15) in base 13?
-223529b
What is -15502170 (base 9) in base 12?
-2711539
104432244 (base 5) to base 2
1110010001101110000
What is 21055871 (base 9) in base 7?
152066524
32899 (base 11) to base 9
72336
What is 102bab (base 12) in base 5?
31112003
834312 (base 9) to base 16
78e8d
What is 3326328 (base 9) in base 7?
21131300
What is -1266033 (base 8) in base 2?
-1010110110000011011
What is 19aa9 (base 14) in base 5?
4041341
Convert 41a09 (base 11) to base 3.
10002211111
61066642 (base 8) to base 3
220020000121022
Convert -29723 (base 13) to base 16.
-1311b
What is 203041303 (base 5) in base 11?
518239
Convert -235218 (base 10) to base 16.
-396d2
Convert ca2407 (base 15) to base 13.
1cc07cb
Convert 10001100000011100010 (base 2) to base 12.
237b96
478312 (base 9) to base 13
a124c
-243a1 (base 16) to base 14
-3c10d
Convert 11011001001101110110 (base 2) to base 15.
128948
-101101010111011011 (base 2) to base 10
-185819
-2155424 (base 6) to base 11
-74827
4bab4 (base 15) to base 10
242044
10222011010102 (base 3) to base 15
2b9dae
1505a3 (base 16) to base 15
1c3319
11211102 (base 4) to base 5
1212431
Convert 11010111110111010111 (base 2) to base 3.
1122220212112
-5874858 (base 10) to base 12
-1b73976
-226237 (base 9) to base 12
-666ba
-2565216 (base 8) to base 13
-1c0823
22b8b6 (base 13) to base 16
c9820
What is -875f17 (base 16) in base 13?
-1ab8139
Convert -bb75 (base 15) to base 7.
-223526
Convert -2345131 (base 6) to base 3.
-20020200001
13b61 (base 15) to base 12
30784
What is 154506 (base 7) in base 16?
76e3
-11451666 (base 7) to base 4
-3321102312
What is 8795a (base 12) in base 14?
4950a
-1a26738 (base 11) to base 16
-343043
What is 185011 (base 9) in base 7?
656560
-410355 (base 7) to base 12
-344a0
What is -200010121101 (base 3) in base 5?
-42410143
What is -eddea (base 16) in base 10?
-974314
-1101776 (base 14) to base 6
-445000232
Convert -749669 (base 12) to base 13.
-4c610a
What is 23522 (base 6) in base 11?
2642
Convert 11667664 (base 10) to base 13.
2556958
Convert -130221120 (base 4) to base 14.
-30a92
Convert 27d (base 15) to base 16.
238
What is -36574 (base 16) in base 12?
-a8984
-10433040 (base 7) to base 3
-1200200020110
What is 6533 (base 12) in base 16?
2b77
What is 10001001000010111010 (base 2) in base 11?
353818
What is 1d6ab3a (base 14) in base 11?
838652a
-132100122 (base 4) to base 12
-5b876
Convert 1497a00 (base 11) to base 16.
27086d
-100010021110 (base 3) to base 9
-303243
Convert -29d6c (base 14) to base 11.
-712a2
-112311010 (base 4) to base 5
-10443013
What is 14a09 (base 13) in base 7?
221562
Convert -41ab (base 12) to base 4.
-1300103
What is -9abb1 (base 14) in base 16?
-5bac7
ca030 (base 14) to base 15
99aee
What is 652783 (base 11) in base 10?
1043111
Convert 451324 (base 10) to base 15.
8dad4
Convert 11001001100000 (base 2) to base 5.
403041
Convert -11406bb (base 12) to base 16.
-32a3ef
Convert 213320203 (base 4) to base 3.
22022002111
Convert 4000342 (base 7) to base 5.
110031043
What is aa441 (base 12) in base 13?
7b6c1
-87780 (base 9) to base 4
-32031312
6580ca (base 14) to base 16
348202
-231130222 (base 4) to base 12
-8b88a
What is 5c6d8 (base 15) in base 14?
79802
Convert -285500 (base 9) to base 13.
-61647
What is -342134443 (base 5) in base 7?
-15634061
What is 16395 (base 12) in base 6?
402305
Convert -1020110103 (base 4) to base 5.
-33434321
What is -111000101000101010 (base 2) in base 12?
-b22b6
What is 97c8b (base 14) in base 4?
1121231003
-11100221222 (base 3) to base 7
-505466
Convert 72211 (base 9) to base 5.
3010212
150524 (base 7) to base 14
a84b
Convert -221412262 (base 7) to base 5.
-11410133134
Convert 10011210000 (base 3) to base 12.
30230
What is -5973b6 (base 13) in base 2?
-1000000111111010001101
Convert 1111000011001001011 (base 2) to base 6.
14323003
241879 (base 10) to base 4
323003113
-a4c806 (base 15) to base 16
-779b5c
What is 2746849 (base 11) in base 16?
484c02
-53390 (base 14) to base 2
-110001000101000010
-3013310 (base 11) to base 15
-705546
Convert -18ea9 (base 16) to base 4.
-120322221
31012210232 (base 4) to base 11
1a36684
Convert 22434635 (base 8) to base 13.
1014168
Convert -1220453 (base 7) to base 11.
-a7480
What is 121012000 (base 3) in base 5?
334144
Convert -36584 (base 14) to base 4.
-200123020
What is 102000121120 (base 3) in base 10?
216960
What is -210001221 (base 4) in base 2?
-100100000001101001
11212122210111 (base 3) to base 9
4778714
2024405 (base 6) to base 7
552362
What is -1155411 (base 8) in base 7?
-2463514
Convert 26232 (base 7) to base 6.
52153
Convert -1000111101100110101 (base 2) to base 16.
-47b35
What is -325626252 (base 7) in base 6?
-1540522403
-106c0 (base 13) to base 10
-29731
What is -1110110101011011010000 (base 2) in base 14?
-73330c
Convert -2e581 (base 16) to base 5.
-22033300
What is -1098338 (base 10) in base 5?
-240121323
-2260368 (base 10) to base 3
-11020211122100
Convert -60145 (base 11) to base 3.
-11110201212
Convert -15e536 (base 15) to base 8.
-4030076
2008615 (base 9) to base 15
161c0e
22322104 (base 5) to base 2
110000011100000100
What is 6071107 (base 8) in base 7?
16421621
-4d9c7c (base 15) to base 13
-a07301
-223113400 (base 6) to base 16
-3e1648
What is -b073 (base 13) in base 11?
-17256
642354 (base 8) to base 16
344ec
What is 114210323 (base 5) in base 7?
4401064
Convert -2014211233 (base 5) to base 13.
-abc2aa
Convert 13355445 (base 6) to base 4.
1232012111
-adaa1 (base 15) to base 13
-164650
Convert -498556 (base 10) to base 14.
-cd992
Convert -115522 (base 10) to base 6.
-2250454
-21644040 (base 8) to base 13
-c77419
-817013 (base 10) to base 12
-334985
What is -742376 (base 9) in base 4?
-1223300031
Convert -18a66a7 (base 11) to base 15.
-4379c3
100011001100010000 (base 2) to base 4
203030100
-10452031 (base 6) to base 3
-121011011201
-1404a6 (base 14) to base 10
-692418
Convert -109da (base 15) to base 13.
-1b09a
Convert 205a03 (base 11) to base 13.
b7264
What is -6b5b5c (base 15) in base 14?
-978678
1111011110001100111001 (base 2) to base 7
46321452
What is 550453152 (base 6) in base 4?
211201120130
What is -10993441 (base 10) in base 9?
-22615144
Convert -a46834 (base 13) to base 7.
-44440304
What is 538bc0 (base 13) in base 5?
1000233424
-1147670 (base 8) to base 7
-2452205
What is 3122213311 (base 4) in base 10?
895477
Convert -85539 (base 12) to base 11.
-10a778
What is -605788 (base 10) in base 14?
-11aaa8
Convert 3003213233 (base 4) to base 2.
11000011100111101111
Convert -1202a7 (base 11) to base 6.
-4